mainder when 174 is divided by g?
20
Let r be (-120)/65 - (-4)/(-26). Suppose -5 = u - 2*j, 4*u + 13 = -j + 2*j. Calculate the remainder when 923/39 - r/u is divided by 6.
5
Suppose 3*x + 2*x = -1155. Let l = -130 - x. Suppose 2*b + p = -2*p + l, 4*p + 94 = 2*b. Calculate the remainder when b is divided by 13.
10
Suppose -374 = -j - 348. What is the remainder when j is divided by 5?
1
Calculate the remainder when (-10)/30 - (-1443)/9 is divided by 56.
48
Suppose 0*y = -4*y + 4*f - 348, -273 = 3*y + 3*f. Let v = -27 - y. Suppose 3*p - 63 = -0*p. What is the remainder when v is divided by p?
20
Suppose 0 = 24*q + 7*q - 1364. What is the remainder when 300 is divided by q?
36
Let p be 1 + 1*(-16 - 1). Let z be p/20*15/(-2). Suppose 2*i = z*i - 36. Calculate the remainder when 33 is divided by i.
6
Let r = 7 - 3. Suppose -5*x + 19 = 4*b, 7*x = 2*x + 2*b + 13. Suppose -r*i + 68 = -d, -5*i + i - x*d = -84. Calculate the remainder when 71 is divided by i.
17
Suppose -x + 8 = 2*r, -x - 5*r = -6*x + 10. Calculate the remainder when 74 is divided by x.
2
What is the remainder when 54 + -2 + (0 - -2 - -1) is divided by 12?
7
Suppose 0 = -2*c - 3*c - d + 478, 0 = -5*c + d + 482. Suppose -2*m - 92 = -7*m - 4*i, 0 = -5*m - 2*i + c. Calculate the remainder when m is divided by 8.
4
Suppose -3*t - t = 0. Suppose -3*v + 6*v - 21 = t. Calculate the remainder when 10 is divided by v.
3
Suppose 0 = -5*l - d + 510, -4*l + 8*d = 9*d - 407. Calculate the remainder when l is divided by 8.
7
Let r(h) = -3*h - 4. Let y = -561 + 593. Calculate the remainder when y is divided by r(-5).
10
Let l be (-204)/(-8)*4/(-3). Let v = 8 + l. Let k = v - -52. What is the remainder when 77 is divided by k?
25
Let j = 294 + -267. Calculate the remainder when 122 is divided by j.
14
Let m = 145 + -87. Calculate the remainder when m is divided by 15.
13
Let j = -1950 + 1981. What is the remainder when j is divided by 16?
15
Let q(s) = -20*s - 20. Calculate the remainder when 178 is divided by q(-2).
18
Let q = -77 + 82. Calculate the remainder when 27 is divided by ((6*1)/3)/(q/15).
3
Calculate the remainder when 372 is divided by -141*-3*11/99.
43
Let o = 4 - 4. Suppose -44 = -4*y + 4*f, y - 1 = 5*f + 6. Calculate the remainder when 1/((-2)/(-42) - o) is divided by y.
9
Let d(s) = -s**2 + 2*s - 2. Let k = -20 + 23. Let o be d(k). Let n = o - -11. What is the remainder when n is divided by 2?
0
What is the remainder when (3/((-9)/(-106)))/(4/6) is divided by 15?
8
Let s be (-2 - -24)*2 - 2. Let n = s - 19. What is the remainder when n is divided by (-9)/(-1) + 0/(23 + -19)?
5
Let s = 588 - 388. Calculate the remainder when s is divided by 94.
12
Let m be (3 - 0 - 29)/(3 + -5). Suppose m = j + 5. What is the remainder when (-1)/1*1 - -32 is divided by j?
7
Let t = -190 - -214. Calculate the remainder when t is divided by 20.
4
Let y(a) = -a**3 + 10*a**2 + 13*a + 11. Let h be y(11). Suppose 3*l = 4*w + h + 25, -5*w = 2*l - 77. Calculate the remainder when 101 is divided by l.
23
Let k = 18 + -45. Let p = k - -28. What is the remainder when 3 is divided by p?
0
Let s = 1795 - 1745. Calculate the remainder when 80 is divided by s.
30
Suppose 13 = -5*w + 43. Suppose -119 = -w*u + 91. Calculate the remainder when (2/6)/(4/1668) is divided by u.
34
Suppose -d + 5 = -5*a - 3, -4*a + 3*d - 13 = 0. Let l be (54/24)/(a/(-8)). Let j = l + -1. What is the remainder when j is divided by 6?
5
Suppose -2*x = -10*x + 1552. Suppose -2*p - 3*y - 2*y + x = 0, -y - 388 = -4*p. What is the remainder when p is divided by 33?
31
Let i(k) = 4*k**2 + 4*k - 4. Let p be i(5). Suppose 4*h + 24 - p = 0. Calculate the remainder when h is divided by 6.
5
Let y(u) = u**3 + 3*u**2 + 3*u - 127. What is the remainder when y(7) is divided by 65?
59
Suppose 4*x = 3*y - 3, -4*x = -0*x + 3*y - 27. What is the remainder when 59 is divided by (-18)/6 + (22 - x)?
11
Suppose -5*i = -30 + 10. Let n = 122 + -57. Suppose 0 = 13*m - 0*m - n. Calculate the remainder when m is divided by i.
1
Suppose -27*n = -38*n + 5082. Calculate the remainder when n is divided by 58.
56
Let n = -14 - -30. Calculate the remainder when 27/(-18)*232/(-12) is divided by n.
13
Let m(a) = -3*a**3 + 8*a - 5*a**2 + 4 + 5*a**3 + 9*a - 3*a**3. Calculate the remainder when m(-8) is divided by 21.
18
Let c(s) = 3*s**2 - 8*s - 3. Let l be c(-5). What is the remainder when l*((-28)/(-8) - 3) is divided by 15?
11
Let x(g) = g**2 - 7*g + 8. Let a be x(7). Suppose 3*z - 267 = -4*u + a*z, -u = 2*z - 83. What is the remainder when u is divided by 21?
10
Let b = 0 + 2. Suppose -6*p + 12330 = 12108. Calculate the remainder when p is divided by b/(-5) - 102/(-5).
17
Suppose 3*m = -4*i + 4*m + 293, -4*m - 20 = 0. Suppose y - i = -3*y. Let w = -2 + y. What is the remainder when w is divided by 6?
4
Let s(y) = -7*y - 30. Let b be s(-12). Let z = 63 - b. Suppose -2*r + 0*r = -4*f - 84, -3*r - 5*f + 82 = 0. Calculate the remainder when r is divided by z.
7
Let w = -1301 + 1419. Calculate the remainder when w is divided by 20.
18
Suppose 4 - 12 = -k. Let i be (-10)/35 + (-200)/(-14). What is the remainder when (-750)/(-35) + (-6)/i is divided by k?
5
Suppose 2*p - 3 = p, 0 = 4*m + 3*p - 17. Calculate the remainder when 6 is divided by m.
0
Let n(u) = 4*u**2 - u - 8. What is the remainder when n(6) is divided by 44/16*2*6?
31
Let u = 197 - 30. Let b = u + -114. What is the remainder when b is divided by 6?
5
Let m = 31 + -17. Calculate the remainder when 12/(-18) + (-535)/(-15) is divided by m.
7
Let t(s) = 3*s**2 - 2*s + 1. Let p = 29 - 20. What is the remainder when (-6)/p + (-24)/(-9) is divided by t(1)?
0
Let t = 149 + -209. Let n = 83 + t. Suppose -2*y - 8 - 24 = -4*g, -y = -5*g + 40. What is the remainder when n is divided by g?
7
Let b = 260 - 120. Let q be (b/7)/(2*1). Suppose 5*c = 3*i + 111, -4*i = -q - 2. What is the remainder when c is divided by 13?
11
Suppose 0 = -3*v, -2*n + 4*v + 220 = 2*n. Let g(p) = 10*p - 2. Let x be g(4). Suppose -7*i = -9*i + x. Calculate the remainder when n is divided by i.
17
Let k be (0 - 2)/(14/(-49)). Let l(r) = 5*r + 11. Let v(o) = 12*o**3 + o**2 - 2*o + 1. What is the remainder when l(k) is divided by v(1)?
10
Let f = -260 - -283. Calculate the remainder when 88 is divided by f.
19
Let v(d) = -d**2 - 5. Let t be v(-6). Let i = t - -45. Calculate the remainder when 17 is divided by i.
1
Let i(q) = 8*q - 281. Calculate the remainder when i(44) is divided by 32.
7
Let q(d) = 27 - 7*d - 3*d + 17*d. Calculate the remainder when q(11) is divided by 35.
34
Let l = -20 - -39. Let c = -14 + l. Suppose 52 = -5*s - x + 244, -c*x = -4*s + 171. Calculate the remainder when s is divided by 10.
9
Suppose -3*i + 384 = 3*u, 4*u + i = u + 386. Let x = 63 - 30. What is the remainder when u is divided by x?
30
Let c(v) = v + 8. Let h = -11 + 15. What is the remainder when h is divided by c(-6)?
0
Suppose -11 = -2*v - 5*j, v - 6*v + 5*j = -80. What is the remainder when 17 is divided by v?
4
Let l = 21 - 6. Suppose -291 = -5*p + 5*h - 3*h, -2*p + 129 = -5*h. Let g = 97 - p. What is the remainder when g is divided by l?
10
Let t(o) = 87*o**2 + o. Suppose 3*h - 41 = 28. What is the remainder when t(1) is divided by h?
19
Suppose 1 = 7*j - 6*j. Let i be 0 + -2 + -1 + -5. Let g = -5 - i. Calculate the remainder when g is divided by j.
0
Suppose 4*a - 6 = 2*a. Let l(p) = -32*p**3 - p**2 + p + 1. Calculate the remainder when l(-1) is divided by a/12 + 215/20.
9
Suppose 378 = -25*y + 28*y. Suppose -d = 6*d - y. Let j = -49 + 100. Calculate the remainder when j is divided by d.
15
Let v(p) = 3*p - 7. Let s be v(4). Suppose -s*n = -230 - 265. Calculate the remainder when n is divided by 25.
24
Suppose 0 = -d - 2*j + 9, 5*j - 4*j - 7 = -d. Suppose 5 = d*y + 5*w, -3*y + 3 = 2*w - 2. What is the remainder when 9 is divided by y?
0
Suppose 20 = -2*f + 134. Let r = -40 + f. Calculate the remainder when 30 is divided by r.
13
What is the remainder when 55 is divided by 92/6 + 98/147?
7
Let w(u) = u**2 + 6*u + 8. Calculate the remainder when 30 is divided by w(-6).
6
Let g be (-36)/(-84) + (-25)/(-7). Let u = 18 - -19. Calculate the remainder when u is divided by g*(12/(-3) + 6).
5
What is the remainder when 617 is divided by 2 - ((-1 - 3) + -6 + 7)?
2
Suppose 46